{"id":1129,"date":"2025-04-25T15:53:40","date_gmt":"2025-04-25T13:53:40","guid":{"rendered":"https:\/\/eco-candle.eu\/?page_id=1129"},"modified":"2025-04-28T13:50:31","modified_gmt":"2025-04-28T11:50:31","slug":"faq","status":"publish","type":"page","link":"https:\/\/eco-candle.eu\/es\/faq\/","title":{"rendered":"PREGUNTAS FRECUENTES"},"content":{"rendered":"[et_pb_section fb_built=\u00a0\u00bb1&Prime; admin_label=\u00a0\u00bbsection\u00a0\u00bb _builder_version=\u00a0\u00bb4.16&Prime; global_colors_info=\u00a0\u00bb{}\u00a0\u00bb][et_pb_row admin_label=\u00a0\u00bbrow\u00a0\u00bb _builder_version=\u00a0\u00bb4.16&Prime; background_size=\u00a0\u00bbinitial\u00a0\u00bb background_position=\u00a0\u00bbtop_left\u00a0\u00bb background_repeat=\u00a0\u00bbrepeat\u00a0\u00bb global_colors_info=\u00a0\u00bb{}\u00a0\u00bb][et_pb_column type=\u00a0\u00bb4_4&Prime; _builder_version=\u00a0\u00bb4.16&Prime; custom_padding=\u00a0\u00bb|||\u00a0\u00bb global_colors_info=\u00a0\u00bb{}\u00a0\u00bb custom_padding__hover=\u00a0\u00bb|||\u00a0\u00bb][et_pb_text admin_label=\u00a0\u00bbText\u00a0\u00bb _builder_version=\u00a0\u00bb4.16&Prime; background_size=\u00a0\u00bbinitial\u00a0\u00bb background_position=\u00a0\u00bbtop_left\u00a0\u00bb background_repeat=\u00a0\u00bbrepeat\u00a0\u00bb global_colors_info=\u00a0\u00bb{}\u00a0\u00bb]<p><\/p>\n<p><strong>\u00bfPor qu\u00e9 mi vela desprende humo negro?<\/strong><\/p>\n<p><\/p>\n<p>La causa es una mecha demasiado larga. Soluci\u00f3n: apaga la vela y corta un trocito. Si sigue humeando, repite la operaci\u00f3n.<\/p>\n<p><\/p>\n<p><strong>\u00bfPor qu\u00e9 mi vela no tiene un agujero en el centro?<\/strong><\/p>\n<p><strong>Esto es normal, ya que se trata de un portavelas que permite colocar la mecha en su interior. Simplemente coloque su mecha en el centro y coloque la vela en el aceite, luego encienda.<\/strong><\/p>\n<p><\/p>\n<p><\/p>\n<p><strong>\u00bfPor qu\u00e9 mi vela no est\u00e1 centrada en su jarr\u00f3n?<\/strong><\/p>\n<p><\/p>\n<p>Lo m\u00e1s probable es que el jarr\u00f3n no est\u00e9 perfectamente plano sobre el mueble. Soluci\u00f3n: nivele el mueble con un nivel de burbuja.<\/p>\n<p><\/p>\n<p><\/p>\n<p><\/p>\n<p><\/p>\n<p><strong>\u00bfPor qu\u00e9 mi vela no difunde mi aceite esencial?<\/strong><\/p>\n<p><\/p>\n<p>Hay varias causas posibles:<\/p>\n<p><\/p>\n<p><\/p>\n<ul class=\"wp-block-list\">\n<ul class=\"wp-block-list\"><\/ul>\n<\/ul>\n<ul class=\"wp-block-list\">\n<ul class=\"wp-block-list\">\n<li>- olvidaste mezclar las 4-5 gotas de aceite esencial con el resto del aceite.<\/li>\n<\/ul>\n<\/ul>\n<p><\/p>\n<p><\/p>\n<ul class=\"wp-block-list\">\n<ul class=\"wp-block-list\">\n<li>- has utilizado un recipiente demasiado grande con mucho aceite y las 4-5 gotas de aceite esencial no son suficientes.<\/li>\n<\/ul>\n<\/ul>\n<p><\/p>\n<p><\/p>\n<ul class=\"wp-block-list\">\n<ul class=\"wp-block-list\">\n<li>- Un aceite esencial de calidad se difundir\u00e1 durante varias horas.<\/li>\n<\/ul>\n<\/ul>\n<p><\/p>\n<p><\/p>\n<p><\/p>\n<p><\/p>\n<p><strong>C\u00f3mo sacar la vela de mi jarr\u00f3n:<\/strong><\/p>\n<p><\/p>\n<p>Con unas pinzas para fideos puedes incluso quitar la mecha sin tocar directamente la vela ecol\u00f3gica antes de lavarla.<\/p>\n<p><!-- \/wp:post-content --><\/p>\n<p><!-- wp:paragraph --><\/p>\n<p><!-- \/wp:paragraph --><\/p>\n<p><!-- wp:paragraph --><\/p>\n<p><strong>\u00bfC\u00f3mo quito los trocitos de mecha negra en el aceite?<\/strong><\/p>\n<p><!-- \/wp:paragraph --><\/p>\n<p><!-- wp:paragraph --><\/p>\n<p>Puedes utilizar una peque\u00f1a jeringuilla o un colador dependiendo del tama\u00f1o del jarr\u00f3n.<!-- wp:paragraph --><\/p>\n<p><!-- \/wp:paragraph --><\/p>\n<p><!-- \/wp:paragraph --><\/p>\n<p><!-- wp:paragraph --><\/p>\n<p><strong>\u00bfC\u00f3mo anticipar el final de una mecha? <\/strong><!-- \/wp:paragraph --><\/p>\n<p><!-- wp:paragraph --><\/p>\n<p>Al cabo de unas veinte horas, el fusible se atenuar\u00e1.<\/p>\n<p><!-- \/wp:paragraph --><\/p>[\/et_pb_text][\/et_pb_column][\/et_pb_row][\/et_pb_section]","protected":false},"excerpt":{"rendered":"<p>Pourquoi ma bougie d\u00e9gage de la fum\u00e9e noir? La cause est une m\u00e8che trop longue. Solution: \u00e9teindre la bougie puis couper un petit bout. Si elle fume encore, veuillez renouveler l&rsquo;op\u00e9ration. Pourquoi ma bougie n&rsquo;a-t-elle pas de troue au milieu? C&rsquo;est normal, il s&rsquo;agit d&rsquo;un logement de m\u00e8che qui va permettre de placer la m\u00e8che [&hellip;]<\/p>","protected":false},"author":5,"featured_media":0,"parent":0,"menu_order":0,"comment_status":"closed","ping_status":"closed","template":"","meta":{"_et_pb_use_builder":"on","_et_pb_old_content":"<!-- wp:paragraph -->\n<p><strong>Pourquoi ma bougie d\u00e9gage de la fum\u00e9e noir?<\/strong><\/p>\n<!-- \/wp:paragraph -->\n\n<!-- wp:paragraph -->\n<p>La cause est une m\u00e8che trop longue. Solution: \u00e9teindre la bougie puis couper un petit bout. Si elle fume encore, veuillez renouveler l'op\u00e9ration. <\/p>\n<!-- \/wp:paragraph -->\n\n<!-- wp:paragraph -->\n<p><\/p>\n<!-- \/wp:paragraph -->\n\n<!-- wp:paragraph -->\n<p><strong>Pourquoi ma bougie n'est-elle pas centr\u00e9e dans son vase?<\/strong><\/p>\n<!-- \/wp:paragraph -->\n\n<!-- wp:paragraph -->\n<p>Il est fort probable que votre vase n'est pas parfaitement plat sur votre meuble. Solution: caler votre meuble en utilisant un niveau \u00e0 bulle.<\/p>\n<!-- \/wp:paragraph -->\n\n<!-- wp:paragraph -->\n<p><\/p>\n<!-- \/wp:paragraph -->\n\n<!-- wp:paragraph -->\n<p><strong>Pourquoi ma bougie ne diffuse-t-elle pas mon huile essentielle?<\/strong><\/p>\n<!-- \/wp:paragraph -->\n\n<!-- wp:paragraph -->\n<p>Plusieurs cause possibles:<\/p>\n<!-- \/wp:paragraph -->\n\n<!-- wp:list -->\n<ul class=\"wp-block-list\"><!-- wp:list-item -->\n<li>- vous avez oubli\u00e9 de m\u00e9langer les 4-5 gouttes d'huile essentielle avec le reste de l'huile.<\/li>\n<!-- \/wp:list-item -->\n\n<!-- wp:list-item -->\n<li>- vous avez utilis\u00e9 un contenant trop grand avec beaucoup d'huile et les 4-5 gouttes d'huile essentielle ne suffisent pas.<\/li>\n<!-- \/wp:list-item -->\n\n<!-- wp:list-item -->\n<li>- vous avez utilis\u00e9 une huile essentielle de moyenne qualit\u00e9.Une HE de qualit\u00e9 diffusera pendant plusieurs heures.<\/li>\n<!-- \/wp:list-item -->\n\n<!-- wp:list-item -->\n<li><\/li>\n<!-- \/wp:list-item --><\/ul>\n<!-- \/wp:list -->\n\n<!-- wp:paragraph -->\n<p><strong>Comment sortir ma bougie de mon vase:<\/strong><\/p>\n<!-- \/wp:paragraph -->\n\n<!-- wp:paragraph -->\n<p>Avec une pince \u00e0 nouille vous pourrez m\u00eame enlever la m\u00e8che sans directement toucher la bougie Eco Candle avant de la laver.<\/p>\n<!-- \/wp:paragraph -->\n\n<!-- wp:paragraph -->\n<p><\/p>\n<!-- \/wp:paragraph -->\n\n<!-- wp:paragraph -->\n<p><strong>Comment enlever les petits morceaux de m\u00e8che noir dans l'huile?<\/strong><\/p>\n<!-- \/wp:paragraph -->\n\n<!-- wp:paragraph -->\n<p>Vous pouvez utiliser une petite seringue ou petite passoire selon les dimension du vase. <\/p>\n<!-- \/wp:paragraph -->\n\n<!-- wp:paragraph -->\n<p><\/p>\n<!-- \/wp:paragraph -->\n\n<!-- wp:paragraph -->\n<p><strong>Comment anticiper la fin d\u2019une m\u00e8che? <\/strong><\/p>\n<!-- \/wp:paragraph -->\n\n<!-- wp:paragraph -->\n<p>Apr\u00e8s une vingtaines d'heures la m\u00e8che faiblira.<\/p>\n<!-- \/wp:paragraph -->","_et_gb_content_width":"","footnotes":""},"class_list":["post-1129","page","type-page","status-publish","hentry"],"aioseo_notices":[],"_links":{"self":[{"href":"https:\/\/eco-candle.eu\/es\/wp-json\/wp\/v2\/pages\/1129","targetHints":{"allow":["GET"]}}],"collection":[{"href":"https:\/\/eco-candle.eu\/es\/wp-json\/wp\/v2\/pages"}],"about":[{"href":"https:\/\/eco-candle.eu\/es\/wp-json\/wp\/v2\/types\/page"}],"author":[{"embeddable":true,"href":"https:\/\/eco-candle.eu\/es\/wp-json\/wp\/v2\/users\/5"}],"replies":[{"embeddable":true,"href":"https:\/\/eco-candle.eu\/es\/wp-json\/wp\/v2\/comments?post=1129"}],"version-history":[{"count":3,"href":"https:\/\/eco-candle.eu\/es\/wp-json\/wp\/v2\/pages\/1129\/revisions"}],"predecessor-version":[{"id":1139,"href":"https:\/\/eco-candle.eu\/es\/wp-json\/wp\/v2\/pages\/1129\/revisions\/1139"}],"wp:attachment":[{"href":"https:\/\/eco-candle.eu\/es\/wp-json\/wp\/v2\/media?parent=1129"}],"curies":[{"name":"wp","href":"https:\/\/api.w.org\/{rel}","templated":true}]}}

[et_pb_section fb_built= »1&Prime; admin_label= »section » _builder_version= »4.16&Prime; global_colors_info= »{} »][et_pb_row admin_label= »row » _builder_version= »4.16&Prime; background_size= »initial » background_position= »top_left » background_repeat= »repeat » global_colors_info= »{} »][et_pb_column type= »4_4&Prime; _builder_version= »4.16&Prime; custom_padding= »||| » global_colors_info= »{} » custom_padding__hover= »||| »][et_pb_text admin_label= »Text » _builder_version= »4.16&Prime; background_size= »initial » background_position= »top_left » background_repeat= »repeat » global_colors_info= »{} »]<p></p>
<p><strong>¿Por qué mi vela desprende humo negro?</strong></p>
<p></p>
<p>La causa es una mecha demasiado larga. Solución: apaga la vela y corta un trocito. Si sigue humeando, repite la operación.</p>
<p></p>
<p><strong>¿Por qué mi vela no tiene un agujero en el centro?</strong></p>
<p><strong>Esto es normal, ya que se trata de un portavelas que permite colocar la mecha en su interior. Simplemente coloque su mecha en el centro y coloque la vela en el aceite, luego encienda.</strong></p>
<p></p>
<p></p>
<p><strong>¿Por qué mi vela no está centrada en su jarrón?</strong></p>
<p></p>
<p>Lo más probable es que el jarrón no esté perfectamente plano sobre el mueble. Solución: nivele el mueble con un nivel de burbuja.</p>
<p></p>
<p></p>
<p></p>
<p></p>
<p><strong>¿Por qué mi vela no difunde mi aceite esencial?</strong></p>
<p></p>
<p>Hay varias causas posibles:</p>
<p></p>
<p></p>
<ul class="wp-block-list">
<ul class="wp-block-list"></ul>
</ul>
<ul class="wp-block-list">
<ul class="wp-block-list">
<li>- olvidaste mezclar las 4-5 gotas de aceite esencial con el resto del aceite.</li>
</ul>
</ul>
<p></p>
<p></p>
<ul class="wp-block-list">
<ul class="wp-block-list">
<li>- has utilizado un recipiente demasiado grande con mucho aceite y las 4-5 gotas de aceite esencial no son suficientes.</li>
</ul>
</ul>
<p></p>
<p></p>
<ul class="wp-block-list">
<ul class="wp-block-list">
<li>- Un aceite esencial de calidad se difundirá durante varias horas.</li>
</ul>
</ul>
<p></p>
<p></p>
<p></p>
<p></p>
<p><strong>Cómo sacar la vela de mi jarrón:</strong></p>
<p></p>
<p>Con unas pinzas para fideos puedes incluso quitar la mecha sin tocar directamente la vela ecológica antes de lavarla.</p>
<p><!-- /wp:post-content --></p>
<p><!-- wp:paragraph --></p>
<p><!-- /wp:paragraph --></p>
<p><!-- wp:paragraph --></p>
<p><strong>¿Cómo quito los trocitos de mecha negra en el aceite?</strong></p>
<p><!-- /wp:paragraph --></p>
<p><!-- wp:paragraph --></p>
<p>Puedes utilizar una pequeña jeringuilla o un colador dependiendo del tamaño del jarrón.<!-- wp:paragraph --></p>
<p><!-- /wp:paragraph --></p>
<p><!-- /wp:paragraph --></p>
<p><!-- wp:paragraph --></p>
<p><strong>¿Cómo anticipar el final de una mecha? </strong><!-- /wp:paragraph --></p>
<p><!-- wp:paragraph --></p>
<p>Al cabo de unas veinte horas, el fusible se atenuará.</p>
<p><!-- /wp:paragraph --></p>[/et_pb_text][/et_pb_column][/et_pb_row][/et_pb_section]

<p>Pourquoi ma bougie dégage de la fumée noir? La cause est une mèche trop longue. Solution: éteindre la bougie puis couper un petit bout. Si elle fume encore, veuillez renouveler l&rsquo;opération. Pourquoi ma bougie n&rsquo;a-t-elle pas de troue au milieu? C&rsquo;est normal, il s&rsquo;agit d&rsquo;un logement de mèche qui va permettre de placer la mèche [&hellip;]</p>

<!-- wp:paragraph -->
<p><strong>Pourquoi ma bougie dégage de la fumée noir?</strong></p>
<!-- /wp:paragraph -->

<!-- wp:paragraph -->
<p>La cause est une mèche trop longue. Solution: éteindre la bougie puis couper un petit bout. Si elle fume encore, veuillez renouveler l'opération. </p>
<!-- /wp:paragraph -->

<!-- wp:paragraph -->
<p></p>
<!-- /wp:paragraph -->

<!-- wp:paragraph -->
<p><strong>Pourquoi ma bougie n'est-elle pas centrée dans son vase?</strong></p>
<!-- /wp:paragraph -->

<!-- wp:paragraph -->
<p>Il est fort probable que votre vase n'est pas parfaitement plat sur votre meuble. Solution: caler votre meuble en utilisant un niveau à bulle.</p>
<!-- /wp:paragraph -->

<!-- wp:paragraph -->
<p></p>
<!-- /wp:paragraph -->

<!-- wp:paragraph -->
<p><strong>Pourquoi ma bougie ne diffuse-t-elle pas mon huile essentielle?</strong></p>
<!-- /wp:paragraph -->

<!-- wp:paragraph -->
<p>Plusieurs cause possibles:</p>
<!-- /wp:paragraph -->

<!-- wp:list -->
<ul class="wp-block-list"><!-- wp:list-item -->
<li>- vous avez oublié de mélanger les 4-5 gouttes d'huile essentielle avec le reste de l'huile.</li>
<!-- /wp:list-item -->

<!-- wp:list-item -->
<li>- vous avez utilisé un contenant trop grand avec beaucoup d'huile et les 4-5 gouttes d'huile essentielle ne suffisent pas.</li>
<!-- /wp:list-item -->

<!-- wp:list-item -->
<li>- vous avez utilisé une huile essentielle de moyenne qualité.Une HE de qualité diffusera pendant plusieurs heures.</li>
<!-- /wp:list-item -->

<!-- wp:list-item -->
<li></li>
<!-- /wp:list-item --></ul>
<!-- /wp:list -->

<!-- wp:paragraph -->
<p><strong>Comment sortir ma bougie de mon vase:</strong></p>
<!-- /wp:paragraph -->

<!-- wp:paragraph -->
<p>Avec une pince à nouille vous pourrez même enlever la mèche sans directement toucher la bougie Eco Candle avant de la laver.</p>
<!-- /wp:paragraph -->

<!-- wp:paragraph -->
<p></p>
<!-- /wp:paragraph -->

<!-- wp:paragraph -->
<p><strong>Comment enlever les petits morceaux de mèche noir dans l'huile?</strong></p>
<!-- /wp:paragraph -->

<!-- wp:paragraph -->
<p>Vous pouvez utiliser une petite seringue ou petite passoire selon les dimension du vase. </p>
<!-- /wp:paragraph -->

<!-- wp:paragraph -->
<p></p>
<!-- /wp:paragraph -->

<!-- wp:paragraph -->
<p><strong>Comment anticiper la fin d’une mèche? </strong></p>
<!-- /wp:paragraph -->

<!-- wp:paragraph -->
<p>Après une vingtaines d'heures la mèche faiblira.</p>
<!-- /wp:paragraph -->
